 (-32)/n).
2
Let c = -224 + 91. What is the remainder when 138 is divided by (c/38)/((-1)/6)?
12
Let k(j) = 87*j - 615. Calculate the remainder when k(10) is divided by 43.
40
Calculate the remainder when 2922 is divided by (-2830)/(-70) - 7 - 8/(-14).
32
Suppose -44*k + 565 = -975. Let u = -30 + k. What is the remainder when 216 is divided by u?
1
Let c be (7*14/8)/((-10)/120). Let u = c - -149. Calculate the remainder when 6 is divided by u.
0
Let h be ((-70)/6 - -1)*7224/(-688). Suppose -5*a = t - 622, 0 = a - 4*a - 4*t + 380. Let x = a - h. Calculate the remainder when 56 is divided by x.
8
Let t(r) = r**3 - 19*r**2 - 4*r + 121. What is the remainder when 848 is divided by t(19)?
38
Suppose -v - 111150 = -47*v - 19*v. Calculate the remainder when v is divided by 425.
10
What is the remainder when (-2126)/(-8) + 4/(-7 - -23) is divided by 77?
35
Let k be 0 - (-2 + 7) - (-7 - 2). Let r be (2 - 1 - -3) + -2. Suppose r*j - 24 + 2 = k*b, 0 = -j - 3*b + 1. Calculate the remainder when 11 is divided by j.
4
Let m(i) = -101*i - 628. Let y be m(0). Let z = -594 - y. What is the remainder when z is divided by 2 + -1 - -1*11?
10
Suppose 99*d = 85*d + 546. Suppose 5*s - 4*b = 157, 4*s + 0*b - 119 = b. Calculate the remainder when d is divided by s.
10
Suppose -3*d + 25 = 2*m, -m - 5*d + 15 = m. Suppose -4*o = -2*n + 590 - 1062, -364 = -3*o + 4*n. What is the remainder when o is divided by m?
16
Calculate the remainder when 2399 is divided by 26 - 1 - 5*(9 + -10).
29
Let o(i) = -105*i + 5528. What is the remainder when o(-100) is divided by 167?
163
Suppose 282*m = -310*m + 5946 + 3526. Calculate the remainder when 10767 is divided by m.
15
Let r be 292/32 - (-2)/(-16). Suppose -3*x = -f + 32, f + 2*x = r + 38. What is the remainder when 92 is divided by f?
10
Let u(x) = 6*x**2 - 5*x - 5. Let o(m) = -m**2 - 1. Let k(r) = 5*o(r) + u(r). Let w(c) = c + 23. Calculate the remainder when w(-18) is divided by k(7).
1
Let p be 30 - (138/(-18) + 10/6). Suppose -p*i = 702 - 2826. Calculate the remainder when 232 is divided by i.
55
Suppose 28*k - 181 = -1721. Let a(w) = -4*w**3 - w**2 - w - 1. What is the remainder when 3318/30 - 77/k is divided by a(-2)?
25
Suppose 8*j - 4*j - 2360 = 0. Suppose -o + 11*o = -j. Let g = 80 + o. What is the remainder when 81 is divided by g?
18
Let u(a) = -10*a**2 - 76*a + 4. Let i be u(-10). Let d = -189 - i. What is the remainder when 134 is divided by d?
40
Suppose -2*r - 1922 = -139*q + 135*q, -2*q + 940 = 2*r. Calculate the remainder when q is divided by 280.
197
Suppose 5*w = 3*l + 22945, -63 = 5*l - 38. Calculate the remainder when w is divided by 16.
10
Calculate the remainder when ((-1074)/(-4))/((-1)/(-2)) is divided by (9 + 3219/(-377) - (723/(-39) + -2)) + 9.
27
Let h be (-6)/(-4)*20/6. Suppose -h*t + 1 = -14. What is the remainder when 7 is divided by (-12)/(-5 + 1) + t?
1
Let n = 6783 + -6535. What is the remainder when 8180 is divided by n?
244
Let i(o) = 4*o**2 - 22*o + 49. Let z be i(5). Let u = z + -26. Calculate the remainder when 73 is divided by u.
8
Suppose -19 = -y + 6*q - 2*q, -5*y - 2*q + 7 = 0. Suppose -2*i + 2 = h, 2*i - 2*h - 26 = y*h. Let s = -13 - -19. Calculate the remainder when s is divided by i.
0
Let c = -74 + -184. Let g = c - -381. Suppose 0 = -v + r - 2*r + 47, 0 = -3*v + 3*r + g. Calculate the remainder when v is divided by 19.
6
Let b(i) = i**3 + 10*i**2 + i + 9. Let v(p) = 27*p**2 + 6*p + 65. Calculate the remainder when b(-8) is divided by v(0).
64
Suppose q - 6*q + 50 = 4*x, -q + 26 = 4*x. Let c(h) = -h**3 - 26 + 18 + h**2 + 3*h**2 + 3*h. Calculate the remainder when q is divided by c(4).
2
Suppose -2*z + 1 = -1, -2*q = z + 9. Let m be (45/6)/1*(-68)/q. Let j = m + -86. What is the remainder when 29 is divided by j?
13
Suppose 0 = -19*a + 7*a - 48*a + 2280. Calculate the remainder when 94 is divided by a.
18
Suppose -5*g = 4*l - 12, 2*l = 5*l + 6. Suppose -4*b - 3*u = -1099, 534 = g*b - 3*u - 559. Calculate the remainder when b is divided by 11.
10
Let x be (30/25)/(7/(-10) + 1). Let l(g) = -x - 6 + 9*g + 2 + 3*g**2 + 4. What is the remainder when l(-4) is divided by 5?
3
Suppose -78 = 2*x + 4*x. Let p = x + 30. Let d(c) = c**3 - 29*c**2 - 60*c + 19. Calculate the remainder when d(31) is divided by p.
13
Let n(z) = 47*z - 15. Let u(t) = 23*t - 7. Let w(m) = -4*n(m) + 7*u(m). Calculate the remainder when w(-3) is divided by 12.
8
Let y = 3006 - 2979. Calculate the remainder when 97 is divided by y.
16
Let g = -2698 - -2721. What is the remainder when 53 is divided by g?
7
Calculate the remainder when 2253 is divided by (11/88)/(1/(-4))*-92.
45
Suppose 0 = 4*h + 6*v - 12*v - 1280, -h - 4*v + 309 = 0. Calculate the remainder when h is divided by 16.
13
Let d = -13 - -42. Let v(m) = m**2 + 502*m + 8417. What is the remainder when v(-17) is divided by d?
27
Let m(a) = a - 49. Calculate the remainder when (-418)/(-10) + 8/40 is divided by m(51).
0
Suppose 0 = -i + 102 - 3 + 202. Calculate the remainder when 944 is divided by i.
41
Let i(h) = 5*h + 4*h - 12*h + 34*h**2 - 9*h - 12. What is the remainder when i(-1) is divided by 9?
7
Let o(c) = -c**3 - 4*c**2 - 8. Suppose 2*r = 6, 4*b - 2*r = 2*r - 36. Let d be o(b). Suppose -8*f + 72 + d = 0. What is the remainder when f is divided by 6?
5
Let x(v) = -20*v - 96. Let t be x(-4). What is the remainder when ((-12)/t)/(2/144) is divided by 12?
6
Let k be (-30)/4*(-64)/40. Let o be 2/(-3) - 38/k*32. What is the remainder when (1/(-2))/(3/o) is divided by 3?
2
Let g(a) = 2*a + 53. Let d be g(-15). Suppose 20*t = d*t - 75. What is the remainder when 48 is divided by t?
23
Let m = 4413 - 4066. Calculate the remainder when m is divided by 97.
56
Suppose 12*p + 134 - 317 = -75. What is the remainder when 4022 is divided by p?
8
Let p(u) = -5740*u - 214. Let l be p(-21). Calculate the remainder when l/255 + 2*2/30 is divided by 95.
92
What is the remainder when ((-76)/5)/((-178)/5785) is divided by 55?
54
Let o(y) = -y**2 + 2*y + 2. Let f be o(-3). Let s(n) = -50*n**2 - 317*n + 1. Calculate the remainder when s(-6) is divided by 1/(-2)*2*f.
12
Suppose -60 = -125*s + 120*s. Let t(z) = -z**3 + 12*z**2 + 5*z - 26. Calculate the remainder when 406 is divided by t(s).
32
Suppose -h - 132 = 3*w - 2*h, 3*h = 0. Suppose 9*d - 7*d = 24. What is the remainder when d is divided by 40/22 + (-8)/w?
0
Suppose -12 = -4*y - 4. Let x be -5 + -5*8/(-10). What is the remainder when 257 is divided by (37 - -5) + y + x?
42
Let r(f) = -2*f + 24. Let w be r(8). Suppose 5*h - w - 7 = 0. What is the remainder when 7 is divided by h - 3/(9/(-6))?
2
Suppose 2778 - 244 = 7*u. Suppose 4*t - 6*f - 524 = -11*f, 3*t = 4*f + u. Let n = t + -79. What is the remainder when n is divided by 17?
13
What is the remainder when (-14719)/(-697) + 4/(-34) - 6 is divided by 7?
1
Suppose -2562 = -38*k - 16*k + 35994. Calculate the remainder when k is divided by 352.
10
Let k(i) = -32 - i + 28 + 3*i**2 - i**3 + i**2. Let b be k(2). Suppose -l = 2*l - 2*v - 114, -4*v - 68 = -b*l. Calculate the remainder when l is divided by 21.
19
Suppose -4*t + 10*t - 2644 = 2*t. Calculate the remainder when t is divided by 170.
151
What is the remainder when (23 - 9) + -9 + 810 is divided by 39?
35
Suppose 4*a + 13*h - 9372 = 15*h, -2336 = -a + 4*h. What is the remainder when a is divided by 46?
44
Let z(a) = -29*a - 44. Suppose 3*q + 6 + 3 = 0. Calculate the remainder when 170 is divided by z(q).
41
Suppose 0 = -s - 3*o + 186, -5*s - 2*o + 878 = -0*o. Calculate the remainder when 689 is divided by s.
167
Suppose -2*y - 86 = 530*h - 533*h, -5*y = 20. What is the remainder when 1190 is divided by h?
20
Let n = 14529 - 14520. Suppose -2*m = -p + 97, -8*p + 5*m = -3*p - 480. Calculate the remainder when p is divided by n.
5
Let t(m) = 5*m**3 - 2*m**3 + 3*m + 13*m + 19 - 14*m**2 - 4*m**3. Let c be t(-15). Suppose -c*v + v + 21 = 0. Calculate the remainder when 13 is divided by v.
6
Suppose 0 = 30*q - 557 + 47. Calculate the remainder when 1150 is divided by q.
11
Suppose -5*t + 255 = 3*c, -t + 5*c + 17 + 6 = 0. Calculate the remainder when (t/(-20))/((-2)/145) is divided by 45.
39
Let t(i) = i**2 - 21. Let g be t(-5). Suppose 3*p - l - 198 = 0, 6*p - 4*l - 122 = g*p. Calculate the remainder when p is divided by (-68